is v(p)?
10
Let k(g) be the first derivative of 3 - 1/2*g**2 + 1/3*g**3 + g. Let v = 7 - 4. Determine k(v).
7
Let w(a) = -a**3 + 10*a**2 - 6*a - 22. Let m be w(9). Let h(x) = -x**3 + 6*x**2 - 4*x - 2. Determine h(m).
3
Let f be (-14 - -2)*(-2)/(-4). Let z(m) = 4*m**3 - 7*m**2 - 2*m**3 - 3*m**3 - 5 - 7*m. Calculate z(f).
1
Let r(u) = u**3 - 12*u**2. Let q(i) = i**3 - 11*i**2. Let s(p) = -5*q(p) + 4*r(p). Calculate s(7).
0
Let o be 2/(-2) - (2 + 1). Let l(p) be the first derivative of -1 - 1/3*p**3 - 7/2*p**2 - 6*p. Calculate l(o).
6
Let m(x) = -x**3 + 8*x**2 - 8*x + 10. Let g = 50 + -43. Give m(g).
3
Let i(p) = 2*p - 3. Let b(f) = 5*f - 9. Let g(y) = 3*b(y) - 8*i(y). Let j be g(-8). Suppose -5*x - 3*u = 5, j = -2*u + 3*u. Let z(c) = -3*c - 6. Give z(x).
6
Let i(o) = -2*o. Suppose -9*n = -28*n - 114. What is i(n)?
12
Let x(r) = r**3 + 2*r**2 - r + 3. Let g be (-8)/(3/(30/(-4))). Suppose 3*m + 2*m = g. Suppose -3*p = -m*y - 3, y + 7 - 1 = -p. What is x(y)?
-3
Suppose 4*m = -3*h - 6, 0*h - 2*h = -m - 7. Let f(k) = -k**3 + 2*k**2 + 2*k - 3. What is f(h)?
1
Let p(h) be the third derivative of h**5/60 - h**3/3 + h**2. Let f be ((-72)/(-20) - 4) + (-13)/5. What is p(f)?
7
Let g = 36 + -37. Let q(r) = -2*r**2 + r + 1. Give q(g).
-2
Let t(l) = -14*l**3 + 2*l**2 + 2*l + 1. Suppose 16*q + 13 = 3*q. Determine t(q).
15
Let y(p) = 3*p - 1 - 1 - 4*p + 3*p**2. Let k(i) = i - 8. Let x be k(6). Give y(x).
12
Let p(f) be the third derivative of 0 + 1/6*f**4 + 5*f**2 + 1/60*f**5 + 5/6*f**3 + 0*f. What is p(-5)?
10
Let u(h) = h**2 + h. Let t be u(1). Let f(s) = -s + 1. Calculate f(t).
-1
Let i(r) = 3*r**3 - r**2 + 1. Let n(w) = 7*w**3 - 2*w**2 - w + 3. Let u(m) = 5*i(m) - 2*n(m). What is u(1)?
1
Let o(n) = 9*n**2 - 18*n + 5. Let z(k) = 5*k**2 - 9*k + 3. Let j(b) = -3*o(b) + 5*z(b). What is j(6)?
-18
Let x(r) = -1. Let p(f) = -4*f + 3. Let h(y) = p(y) + 3*x(y). Suppose -2*l + 3 = -1. Give h(l).
-8
Let t(j) = j**3 + 8*j**2 + 8*j + 1. Let a = -3 - 4. Determine t(a).
-6
Suppose -2*x + 22 = 4*a, 8*x - 3*x + 5*a - 40 = 0. Let s(f) = 2*f - 2 - f**2 - x*f + 2*f + 3*f. What is s(2)?
-2
Let i be (-6)/21 + 114/7. Suppose -i + 4 = -3*m + 3*l, -5*l - 2 = -2*m. Let t(b) = -b**2 + 5*b. What is t(m)?
-6
Let v(w) = -w**2 - 8*w + 2. Suppose -5*u = n + 24, -n + 13 = -2*u + 2. Give v(u).
17
Let z(k) = -k - 2. Let c be z(-5). Suppose -s - 3*s + 16 = -b, 0 = c*b - 3*s + 3. Let j(n) = n + 3 - n**3 - 4*n**2 + b*n + 3. What is j(-5)?
6
Suppose 3*l = -4*b - 35, 2*l = 4*b - 4 + 14. Let r(m) = -m**3 - 6*m**2 - 7*m - 5. Determine r(l).
5
Let d(t) = -t**3 + 6*t**2 - 5. Let k be d(6). Let o(c) = -c**3 - c**2 + c + 1. Let x(b) = 7*b**3 + 10*b**2 - 11*b - 1. Let n(p) = 6*o(p) + x(p). What is n(k)?
5
Let q(x) be the first derivative of -x**3/3 - 7*x**2/2 - 8*x + 28. What is q(-6)?
-2
Let h be 2*-1 - (9 + -12). Let l(p) be the second derivative of -p**5/10 + p**4/12 + 2*p. Calculate l(h).
-1
Let o(f) = -f**3 + 4*f**2 + 1. Let k = 44 - 40. What is o(k)?
1
Let l(x) = x**3 + 5*x**2 - 2*x - 7. Let p = 9 + -14. What is l(p)?
3
Let u(d) = -d**3 - 4*d**2 + 6*d - 4. Let g be 0 - (6 - 1) - 0. Calculate u(g).
-9
Let q = -1 - 3. Let x(d) = d**3 + 2*d - 5*d**2 + 10*d**2 + 67 - 71. What is x(q)?
4
Let i(l) = 0 - 1 + 3 + 4*l. Let v(b) = b - 1. Let f be v(5). Let x = 2 - f. Determine i(x).
-6
Let o(y) = y**2 + y + 1. Let s(w) = -6*w**2 - 15*w - 12. Let k(n) = -5*o(n) - s(n). Calculate k(-9).
-2
Let q(v) = v**2 - 6 + 10 + 5*v - 5. What is q(-5)?
-1
Let f(l) = -14*l**2 - 6*l - 5. Let s(a) = -a**2 - a - 1. Let r(j) = -f(j) + 5*s(j). Calculate r(-1).
8
Suppose 16 = 4*z, -2*s = z - 3*z - 8. Suppose 0 = -4*q - s, 2*k + 2*k - 6 = -q. Let m(x) be the first derivative of -x**3/3 + x**2 + 2*x - 2. Calculate m(k).
2
Let w = -4 + 8. Let m be -4*6/(1 - -2). Let a(z) = -2*z**2 + 10*z + 1. Let h(t) = 3*t**2 - 15*t - 1. Let s(c) = m*a(c) - 5*h(c). Determine s(w).
-7
Let g(b) = -9*b + b + 1 + 0*b - 4. Calculate g(-3).
21
Let m(z) = 2*z**3 + 10 - 2 - 6*z**2 + 7*z**3 - 4*z**3 + 19*z. Let a(k) = -2*k**3 + 3*k**2 - 9*k - 4. Let f(q) = 7*a(q) + 3*m(q). What is f(-4)?
4
Let d(i) = i. Let u = 5 + 0. Let n(g) = -6*g. Let h(a) = u*d(a) + n(a). Give h(-5).
5
Let b(q) = 2*q - 6. Let i(t) = -t**3 + 3*t**2 + 4. Let k be i(3). Let j be b(k). Let a(h) = -5 + 3 - j*h + 3*h - 1. Give a(2).
-1
Let k(g) = -g - 5. Let b be k(-7). Suppose 0 = b*f - 4*f, -f = w - 3. Let c be 0/(-3 - -2) - w. Let v(h) = h**2 - 3. Calculate v(c).
6
Let t(a) = -6*a + 6. Let h be 10/(-1)*(-4)/10. Determine t(h).
-18
Let y(q) = q**3 + 5*q**2 + q + 5. Suppose 20 = 4*w + 4. Suppose -7*d + 3*o - 12 = -w*d, 2*d - 4*o = -6. What is y(d)?
0
Suppose -2*r + 0*r = 0. Let t(s) = -8 + 20 - 10 - s**2. Give t(r).
2
Let z(d) be the third derivative of 0 - 2/3*d**3 - 1/4*d**4 + 0*d - 5*d**2 - 1/60*d**5. Give z(-4).
4
Let k(u) = u**2 + 5*u + 5. Let f be k(-4). Let y(w) = -3*w - 7. Let q(s) = s - 2. Let m(x) = 4*q(x) - y(x). Give m(f).
6
Let x(u) = -2*u**3 + u - 1. Let m(w) = -w**2 + 5*w - 2. Let j be m(4). Give x(j).
-15
Let y(f) = f**2 + 6 - 1 + 7*f + 5 - 1. Give y(-6).
3
Suppose 25 = 5*t + 5. Let y(l) = 5*l**2 - 4*l + 4. Let k(r) = 11*r**2 - 8*r + 9. Let z(u) = t*k(u) - 9*y(u). Calculate z(4).
0
Suppose 11*u = 8*u. Let i = u + -3. Let n(v) be the first derivative of v**3/3 + 2*v**2 + v + 1. Calculate n(i).
-2
Suppose 3*g - 7 = -4. Let r be 3 - ((-2)/g - 0). Let s(c) be the first derivative of c**2/2 + c + 17. Calculate s(r).
6
Let y(a) = 3*a + 1. Let h(u) = u. Let t = 17 - 12. Suppose t*c + 20 = -0*c. Let d(j) = c*h(j) + y(j). Determine d(1).
0
Let y(j) = j**3 + j - 2. Let q be y(0). Let k(o) = -o - 1. Let z(u) = -6*u - 5. Let x(m) = -3*k(m) + z(m). Give x(q).
4
Let g(j) = 3 + 4*j - j**2 - 3*j**2 - 6 + 3*j**2. Give g(4).
-3
Let h(z) = 0*z + 3 + 2*z + z. Determine h(-4).
-9
Let w(i) be the first derivative of -7 + 3/2*i**2 + i. Give w(1).
4
Let y(x) be the second derivative of -x**5/60 + x**4/8 + x**3/3 + x**2/2 - 3*x. Let h(n) be the first derivative of y(n). What is h(5)?
-8
Suppose -2*o = -4*o - 20. Let t be (8/o)/((-1)/5). Let f(d) = -d**2 + 3*d. What is f(t)?
-4
Let o(f) = 22*f + 1. Let d be (55/165)/(-1 + 4/6). Give o(d).
-21
Let k(d) = d**3 + d**2 - d + 1. Let m = -11 + 12. Calculate k(m).
2
Let h be 6*(14/4)/7. Let a(u) be the first derivative of 1 - 1/3*u**h - 1/4*u**4 + u + 1/2*u**2. Give a(-2).
3
Let h(x) be the second derivative of 0 + 2/3*x**3 + 2*x**2 - 1/12*x**4 + 2*x. Determine h(5).
-1
Let d(t) be the second derivative of -3*t**5/5 - 3*t**4/4 + 5*t**3/6 + 6*t. Let a(o) = -6*o**3 - 5*o**2 + 3*o. Let q(u) = 7*a(u) - 4*d(u). Calculate q(-1).
-6
Let i(z) be the second derivative of -z**3/3 - 3*z**2 + 2*z. Give i(-6).
6
Let w be 9/(-3) + -2 + 6. Let m(p) = -p - 1. Let y(x) = -4*x - 4. Let u(o) = w*y(o) - 6*m(o). Give u(2).
6
Let x(c) = c**2 - 5*c - 7. Let v(m) = -m**3 - 4*m**2 + m - 2. Let w be v(-4). Let y(r) = r**3 + 5*r**2 - 5*r + 8. Let p be y(w). Let o = 3 + p. What is x(o)?
-7
Suppose -24 = -2*d + g, 0*d + 3*d - 3*g - 36 = 0. Suppose -3*c = b + 2*b + d, c = 5*b - 4. Let j(f) = f**2 + 3*f + 2. Determine j(c).
6
Let j(g) = -g**3 + 5*g**2 - 4*g + 6. Let h be (-18)/(-30) - 34/(-10). Let t(i) = -i**3 + 3*i**2 + 4*i + 4. Let c be t(h). Calculate j(c).
6
Let f(c) = 3*c**2 + 20*c + 11. Let v(l) = l**2 + 7*l + 4. Let g(p) = -3*f(p) + 8*v(p). What is g(-5)?
-6
Let s(t) = -t**3 + 7*t**2 - 5*t - 3. Let c be s(6). Let o(p) = -3*p + 4*p - c*p**2 + 2*p**2. Determine o(1).
0
Let f(q) be the first derivative of q**3/3 + 3*q**2 + 5*q + 1. Suppose -5*x = a + 29, 0 = 3*x - 2*x + 5*a + 1. Calculate f(x).
5
Let t(z) be the first derivative of -z**3/3 - 5*z**2/2 + 4*z + 13. Give t(-7).
-10
Suppose -4*k - 75 = g + 2*g, -2*k + 4*g - 10 = 0. Let u = k - -15. Let p(l) = -l**3 - l**2 - 1. Calculate p(u).
-1
Let n(y) be the second derivative of -y**5/20 - y**4/3 + 7*y**3/6 + 7*y**2/2 - 7*y. Determine n(-5).
-3
Suppose x - 4 = -x. Let l(t) = x*t - 3*t - t**2 + 4*t - 1. Let o(c) = 3*c - 2. Let f be o(2). Calculate l(f).
-5
Let n(z) = z**2 + 5*z. Let g(a) = -a**2 + 5*a - 3. Let b be g(3). Let t = b + 0. Suppose 4*y + 2*l + 20 = 0, -3*y - 2*l - 15 = t*l. What is n(y)?
0
Let w(q) = q**3 - q**2 - 2*q - 3. Let z = -9 - -12. What is w(z)?
9
Let w(j) = 17*j**3 - j**2 - j + 1. Let k(f) = -f**2 - 27*f + 5